 -n + 25 = 4*u, 0 = 2*u - 5*n + 6*n - m. What are the prime factors of u?
5
Let z(c) = -8*c + 3. What are the prime factors of z(-5)?
43
Let u = -67 - -112. What are the prime factors of u?
3, 5
Let c = 8 + -5. Let y = 5 - c. Suppose 0 = y*l + l - 69. What are the prime factors of l?
23
List the prime factors of 2*-2 + 45/1.
41
Suppose 0*w + j = 2*w - 21, -2*w - 2*j = -36. What are the prime factors of w?
13
Let w(x) = -x**2 - 2*x + 3. Let u be w(-2). Suppose 0*z + 3*z = -5*m + 28, -u*z = 3*m - 18. What are the prime factors of m?
5
Let v be (-1941)/45 - 8/(-60). Let u = v - -63. What are the prime factors of u?
2, 5
Suppose -3*r + 195 = -0*r. Suppose 5*u = -5*p - 0*p + r, -4*u + 22 = p. Suppose -4*i + p = -2. What are the prime factors of i?
3
Let f be -3 - 33/(-2) - 6/(-12). Let q = 22 + -16. Let x = q + f. What are the prime factors of x?
2, 5
Suppose -4*g = 5*h + 26, -5*g + 4*h - 18 = 3*h. Let l = 6 - g. What are the prime factors of l?
2, 5
Let m(k) be the third derivative of k**4/6 - k**3/3 + 3*k**2. What are the prime factors of m(2)?
2, 3
Suppose u = -w - 2*w + 42, u - 46 = w. What are the prime factors of u?
3, 5
What are the prime factors of (-22)/(-2) + 1 + -4?
2
Let x = -29 - -66. List the prime factors of x.
37
Let n = -677 - -1135. List the prime factors of n.
2, 229
Suppose 0 = -3*f - 2*g - 48 - 58, -3*f - g = 107. List the prime factors of 8/f - (-256)/18.
2, 7
Let l(z) = z**3 - 5*z**2 + 3*z - 1. Suppose -11 = -4*v + 5. Let c be l(v). List the prime factors of c/(1/(-2)*2).
5
Let n = 26 - 16. Let j = 19 - n. What are the prime factors of j?
3
Suppose 44*w - 48*w + 548 = 0. What are the prime factors of w?
137
Let z be (-10)/(-5) + (1 - 0). Suppose 2*h = z*h - 44. What are the prime factors of h?
2, 11
Suppose 4*s = 4*h + 8*s - 644, 5*h = -4*s + 808. What are the prime factors of h?
2, 41
Let r = -5 - -56. List the prime factors of r.
3, 17
Suppose 3 = -5*f - 4*r - 5, -f + r + 2 = 0. Suppose -5*u + f*u = 0. Let a(h) = h + 9. What are the prime factors of a(u)?
3
Let g = 11 - 12. List the prime factors of 14 - (g + -1 - 0).
2
Let g(f) = f + 1. Let l be g(1). List the prime factors of (-13)/(1 + (-4)/l).
13
Let c(j) = -j**3 - 5*j**2 + j - 5. Let i be c(-5). Let b be (i - -4)/(2/6). Let k = -6 - b. What are the prime factors of k?
2, 3
Suppose 2*l - 9 = 1. Let p = 0 + l. Suppose -d - 3*b + 21 = 0, -27 = p*d - 3*b - 78. List the prime factors of d.
2, 3
Suppose -3*h = 3*b - 18, 4*b - 6*b = -3*h - 2. Suppose 0 = -3*t + h*t + 6. Suppose -t = -2*j + 10. What are the prime factors of j?
2
Suppose 5*j = -2*d + 9, 0 = 5*j + 2 - 7. Let s = 3 - 3. Suppose s = 2*i - 5*i - 3*q + 9, -d*i = 3*q - 5. What are the prime factors of i?
2
Let n be 9/(-7) + (-4)/(-14). Let l = n - -3. Let z = l + 13. List the prime factors of z.
3, 5
Let c(m) = -m + 10. Let d be c(10). List the prime factors of -6*(0 - d - 1).
2, 3
Let c(p) = -32*p - 49. What are the prime factors of c(-6)?
11, 13
Suppose -36 = l - 179. List the prime factors of l.
11, 13
Let s be 7 - 2 - (-5 + 8). Suppose 23 + 17 = h - s*z, 5*h - 182 = z. Let p = h + -22. What are the prime factors of p?
2, 7
Suppose -4*r = -20 + 12. Suppose 3*n - 42 = -r*j, -j + 16 + 5 = 5*n. List the prime factors of j.
3, 7
Let b(y) = -y**3 + 5*y**2 + 4. Let w be b(4). Let q = w - 6. What are the prime factors of q?
2, 7
Let v(n) = -n**2 + 3*n + 2. Let z be v(3). Suppose -z*y - w = -35, y + 4*w = -0*w. Suppose 0 = -5*h + y - 5. List the prime factors of h.
3
Suppose 55 = 5*g + 30. List the prime factors of g.
5
Let a(k) = 11*k. Let n be a(8). Let i = n + -52. Suppose 2*h - i = -h. What are the prime factors of h?
2, 3
Suppose -n - 3*n = -v - 170, -4*v = -3*n + 121. What are the prime factors of n?
43
List the prime factors of -1*(-5)/(-10)*-18.
3
Let b be (-2)/8*12/(-3). Let x(w) = -b - 3*w**2 + 4*w**2 + 3. What are the prime factors of x(0)?
2
Let t(f) = 3*f + 2. Let h be t(-2). Let b(n) = n**2 - 7*n + 7. Let k be b(7). Let d = k + h. List the prime factors of d.
3
Let q(k) = k**3 - 14*k**2 - 13*k - 22. List the prime factors of q(15).
2
Let h(n) = -3 - 12*n**2 + n**3 + 2*n - 4 - 4 + 2. List the prime factors of h(12).
3, 5
Let b(l) = 3 + l - 3. Let v be b(1). Suppose f = -4*o + 29, 3*o + v - 19 = -2*f. What are the prime factors of o?
2
Let i(w) be the second derivative of w**4/12 - 11*w**3/6 + 7*w**2 + w. Suppose -3*a + 27 = -3. List the prime factors of i(a).
2
Let p(d) = d**3 + 7*d**2 + 7*d + 8. What are the prime factors of p(-6)?
2
Let y be (-4)/3*(-6)/4. Suppose 0 = v + 4*n - 15, 0 = -2*v + v + y*n + 27. List the prime factors of v.
23
Suppose -r = -2*v, 0*v + 4*v = -4*r + 12. Suppose 0 = r*a - 32 - 6. What are the prime factors of a?
19
Let m = 49 - 0. List the prime factors of m.
7
Suppose l + 4*l = -z + 52, 0 = -l - z + 8. Suppose 3*d + 2*k = 6*k + 2, 5*k = -3*d + l. List the prime factors of (-1)/(42/22 - d).
11
What are the prime factors of (-5 - -1)/1 + 63?
59
Suppose 0 = 3*o + w - 1, 6*o = 2*o - 4*w - 12. Suppose -3*z + 0*i + o = 4*i, -5*z + 5 = 5*i. What are the prime factors of z?
2
Suppose 2*t - 6 = -t. Suppose -2*i - 3*l + 3 = -4*i, -i - 2*l = -t. Let v = i + 3. What are the prime factors of v?
3
Let m(r) be the second derivative of -r**3/6 + 9*r**2/2 - r. Let n = 9 + -9. What are the prime factors of m(n)?
3
Let o = -23 - -68. What are the prime factors of o?
3, 5
Let z = -381 - -542. Let y be z/49 + (-2)/7. Suppose 2*x - 46 = -5*o, -2*o - 3*x + y = -11. What are the prime factors of o?
2, 5
Suppose 5 = 2*z + 3, -5*n = -3*z - 1152. What are the prime factors of n?
3, 7, 11
Let w(l) = 5*l + 9. Let u(k) = 15*k + 14. Let i(z) = -3*z - 3. Let h(f) = 11*i(f) + 2*u(f). Let o(m) = -11*h(m) - 6*w(m). What are the prime factors of o(3)?
2, 5
Let u = -10 - -8. What are the prime factors of u/(2*2/(-24))?
2, 3
Suppose -6 = 15*u - 14*u. What are the prime factors of (-5)/10*2*u?
2, 3
Suppose 2*d = 4*d - 4. Suppose 0 = d*n - n. Let y = 4 + n. List the prime factors of y.
2
Suppose -5*f + f - 24 = 0. Let l = 6 + -9. Let h = l - f. What are the prime factors of h?
3
Let m be 9/(-2 - (-38)/16). Let c = m - 11. List the prime factors of c.
13
Let t = -29 - -52. List the prime factors of t.
23
Suppose 71 = 2*x + 3. List the prime factors of x.
2, 17
Let u(w) = w - 3. Let m be u(4). Let b(x) = 5*x. List the prime factors of b(m).
5
Suppose 0 = -5*h + 4*u - 44, 0 = 3*h - h + 3*u + 13. Let m(s) = s**3 + 7*s**2 - 9*s - 3. Let p be m(h). Let n = 9 - p. What are the prime factors of n?
2
Let y be -3 - (-2)/4*6. Suppose -5*k + 6*k - 6 = y. List the prime factors of k.
2, 3
Let d = 19 + -11. Suppose 0 = y - 43 + d. Suppose -y + 11 = -4*a. List the prime factors of a.
2, 3
Suppose 0*r - 5*y = 2*r - 12, 3*r + 4*y = 18. List the prime factors of r.
2, 3
Suppose -4*v - 5*h = -234, -3*v + 9*h + 193 = 4*h. Suppose 3*k + 2*p - 127 = 3*p, k - 38 = -4*p. Let s = v - k. What are the prime factors of s?
19
Suppose 3*x + 2*x - 325 = 0. List the prime factors of x.
5, 13
Suppose 163 = 5*k - 102. List the prime factors of k.
53
Suppose -s = 2*j - 2, -17 - 12 = -3*j + 5*s. What are the prime factors of j?
3
Let p be 3*1/6*-4. What are the prime factors of -3 - (-1 - (p + 10))?
2, 3
Let x be ((-6)/(-15))/(4/800). Suppose x = -y + 5*y. List the prime factors of y.
2, 5
Suppose 0 = 3*n + 3, -9 = -3*k - 4*n + 74. List the prime factors of k.
29
Let y(u) = -21*u - 3. Let m be y(-3). Suppose w = -w + m. What are the prime factors of w?
2, 3, 5
Let n(k) = 4*k**2 - k + 1. Let j be (0/(-3) - -4) + -1. Suppose 0 + j = 3*m. What are the prime factors of n(m)?
2
Let f(c) = -c - 5. Let b be f(-7). Let q be 5 + -5 + (-88)/b. What are the prime factors of (-256)/q - (-4)/22?
2, 3
Let k be ((-2)/(-4))/((-2)/48). Suppose 5*j = 7*x - 3*x + 98, 0 = -2*x + 2*j - 50. Let i = k - x. List the prime factors of i.
3, 5
Suppose 3*x = -5*v - 4, -2*v + 3*v = 5*x - 12. Let h be 3 + 17 - (-3 + 1). Suppose -4*s + x*l = -h, l - 27 = -5*s + 3*l. List the prime factors of s.
5
Suppose 0 = j + f - 16 - 1, -22 = -j + 4*f. Let p be 10/(-45) + 58/j. Suppose -5*c + 5*u = 5, p*c - c = -2*u + 18. List the prime factors of c.
2
Suppose -2*d + 0*r + 220 = -3*r, 332 = 3*d - 4*r. What are the prime factors of d?
2, 29
What are the prime factors of -6*-15*6/9?
2, 3, 5
Let g